{"id":31,"date":"2022-12-14T14:14:18","date_gmt":"2022-12-14T14:14:18","guid":{"rendered":"https:\/\/afrontosas.pt\/?page_id=31"},"modified":"2025-03-24T12:18:30","modified_gmt":"2025-03-24T12:18:30","slug":"linhas-de-atuacao","status":"publish","type":"page","link":"https:\/\/afrontosas.pt\/en\/linhas-de-atuacao\/","title":{"rendered":"areas"},"content":{"rendered":"<div data-colibri-id=\"31-c1\" class=\"style-515 style-local-31-c1 position-relative\">\n  <!---->\n  <div data-colibri-component=\"section\" data-colibri-id=\"31-c2\" id=\"initial-content\" class=\"h-section h-section-global-spacing d-flex align-items-lg-center align-items-md-center align-items-center style-516 style-local-31-c2 position-relative\">\n    <!---->\n    <!---->\n    <div class=\"h-section-grid-container h-section-boxed-container\">\n      <!---->\n      <div data-colibri-id=\"31-c6\" class=\"h-row-container gutters-row-lg-2 gutters-row-md-2 gutters-row-0 gutters-row-v-lg-2 gutters-row-v-md-2 gutters-row-v-2 style-520 style-local-31-c6 position-relative\">\n        <!---->\n        <div class=\"h-row justify-content-lg-center justify-content-md-center justify-content-center align-items-lg-stretch align-items-md-stretch align-items-stretch gutters-col-lg-2 gutters-col-md-2 gutters-col-0 gutters-col-v-lg-2 gutters-col-v-md-2 gutters-col-v-2\">\n          <!---->\n          <div class=\"h-column h-column-container d-flex h-col-lg-auto h-col-md-auto h-col-auto style-521-outer style-local-31-c7-outer\">\n            <div data-colibri-id=\"31-c7\" class=\"d-flex h-flex-basis h-column__inner h-px-lg-2 h-px-md-2 h-px-2 v-inner-lg-2 v-inner-md-2 v-inner-2 style-521 style-local-31-c7 position-relative\">\n              <!---->\n              <!---->\n              <div class=\"w-100 h-y-container h-column__content h-column__v-align flex-basis-100 align-self-lg-start align-self-md-start align-self-start\">\n                <!---->\n                <div data-colibri-id=\"31-c8\" class=\"h-global-transition-all h-heading style-522 style-local-31-c8 position-relative h-element\">\n                  <!---->\n                  <div class=\"h-heading__outer style-522 style-local-31-c8\">\n                    <!---->\n                    <!---->\n                    <h1 class=\"\">Areas<\/h1>\n                  <\/div>\n                <\/div>\n              <\/div>\n            <\/div>\n          <\/div>\n        <\/div>\n      <\/div>\n      <div data-colibri-id=\"31-c9\" class=\"h-row-container gutters-row-lg-2 gutters-row-md-2 gutters-row-0 gutters-row-v-lg-2 gutters-row-v-md-2 gutters-row-v-2 style-523 style-local-31-c9 position-relative\">\n        <!---->\n        <div class=\"h-row justify-content-lg-center justify-content-md-center justify-content-center align-items-lg-stretch align-items-md-stretch align-items-stretch gutters-col-lg-2 gutters-col-md-2 gutters-col-0 gutters-col-v-lg-2 gutters-col-v-md-2 gutters-col-v-2\">\n          <!---->\n          <div class=\"h-column h-column-container d-flex h-col-lg-auto h-col-md-auto h-col-auto style-524-outer style-local-31-c10-outer\">\n            <div data-colibri-id=\"31-c10\" class=\"d-flex h-flex-basis h-column__inner h-px-lg-2 h-px-md-2 h-px-2 v-inner-lg-2 v-inner-md-2 v-inner-2 style-524 style-local-31-c10 position-relative\">\n              <!---->\n              <!---->\n              <div class=\"w-100 h-y-container h-column__content h-column__v-align flex-basis-100 align-self-lg-start align-self-md-start align-self-start\">\n                <!---->\n                <div data-colibri-id=\"31-c11\" class=\"h-text h-text-component style-525 style-local-31-c11 position-relative h-element\">\n                  <!---->\n                  <!---->\n                  <div class=\"\">\n                    <p><strong>Art and research<\/strong>\n                      <br>The proposal is to link commissioned projects, exhibitions, public programmes, publications, scholarships and artist residencies. We consider the potential of contemporary art and its study as a possible field for promoting decolonial critique through the application of the concept of intersectionality. We are also interested in creating a series of national and international institutional partnerships to support the production and research of Black Cu\u00edr artists.&nbsp;<\/p>\n                    <p>The aim is also to create spaces for the articulation between art and education to be aligned in order to generate more spaces for debate and discussion on the role of art in producing critical thinking that is consumed not only by artistic niches, but by other communities.&nbsp;<\/p>\n                    <p><strong>Welcome and Ancestry<br><\/strong>Producing welcoming spaces based on recovering and maintaining black ancestry, so that we are interested in thinking about cu\u00ederaspora and setting up spaces for socialising, caring for, creating and welcoming black stories and lives through cu\u00edrlombismo, as guided by writer and thinker Tatiana Nascimento.  Promote meetings between the black cu\u00edr community in Portugal in order to promote mutual sharing and healing.&nbsp;<\/p>\n                    <p><strong>Consultancy and Teaching<br><\/strong>Promoting decolonial and anti-racist education from an intersectional perspective that includes the issue of diaspora and gender identity. Offering courses to the local community and artistic institutions in order to promote anti-racist and decolonial education; Drawing up proposals for institutional consultancy in order to promote structural changes in the ways in which cultural institutions and the arts are organised;&nbsp;<\/p>\n                    <p><strong>Culture and Celebration<br><\/strong>Organise events for the local community in order to establish safe places for the celebration of black culture. To offer support in the production of events for artistic and cultural institutions in order to create safe spaces that welcome black cuir people. Promote aesthetic changes in art and cultural events in Portugal by producing courses and workshops for people and institutions.<\/p>\n                    <p><strong>Lifestyle e Fashion Design<\/strong>\n                      <br>Promoting the concept of \"monta\u00e7\u00e3o\" as one of the foundations of black queer culture.<\/p>\n                    <p>\n                      <br>\n                    <\/p>\n                  <\/div>\n                <\/div>\n              <\/div>\n            <\/div>\n          <\/div>\n        <\/div>\n      <\/div>\n    <\/div>\n  <\/div>\n<\/div>","protected":false},"excerpt":{"rendered":"<p>LINHas de atua\u00e7\u00e3o Arte e pesquisa A proposta \u00e9 articular-se entre projetos comissionados, [&hellip;]<\/p>\n","protected":false},"author":1,"featured_media":0,"parent":0,"menu_order":0,"comment_status":"closed","ping_status":"closed","template":"page-templates\/full-width-page.php","meta":{"footnotes":"","_links_to":"","_links_to_target":""},"class_list":["post-31","page","type-page","status-publish","hentry"],"_links":{"self":[{"href":"https:\/\/afrontosas.pt\/en\/wp-json\/wp\/v2\/pages\/31","targetHints":{"allow":["GET"]}}],"collection":[{"href":"https:\/\/afrontosas.pt\/en\/wp-json\/wp\/v2\/pages"}],"about":[{"href":"https:\/\/afrontosas.pt\/en\/wp-json\/wp\/v2\/types\/page"}],"author":[{"embeddable":true,"href":"https:\/\/afrontosas.pt\/en\/wp-json\/wp\/v2\/users\/1"}],"replies":[{"embeddable":true,"href":"https:\/\/afrontosas.pt\/en\/wp-json\/wp\/v2\/comments?post=31"}],"version-history":[{"count":5,"href":"https:\/\/afrontosas.pt\/en\/wp-json\/wp\/v2\/pages\/31\/revisions"}],"predecessor-version":[{"id":1830,"href":"https:\/\/afrontosas.pt\/en\/wp-json\/wp\/v2\/pages\/31\/revisions\/1830"}],"wp:attachment":[{"href":"https:\/\/afrontosas.pt\/en\/wp-json\/wp\/v2\/media?parent=31"}],"curies":[{"name":"wp","href":"https:\/\/api.w.org\/{rel}","templated":true}]}}

<div data-colibri-id="31-c1" class="style-515 style-local-31-c1 position-relative">
  <!---->
  <div data-colibri-component="section" data-colibri-id="31-c2" id="initial-content" class="h-section h-section-global-spacing d-flex align-items-lg-center align-items-md-center align-items-center style-516 style-local-31-c2 position-relative">
    <!---->
    <!---->
    <div class="h-section-grid-container h-section-boxed-container">
      <!---->
      <div data-colibri-id="31-c6" class="h-row-container gutters-row-lg-2 gutters-row-md-2 gutters-row-0 gutters-row-v-lg-2 gutters-row-v-md-2 gutters-row-v-2 style-520 style-local-31-c6 position-relative">
        <!---->
        <div class="h-row justify-content-lg-center justify-content-md-center justify-content-center align-items-lg-stretch align-items-md-stretch align-items-stretch gutters-col-lg-2 gutters-col-md-2 gutters-col-0 gutters-col-v-lg-2 gutters-col-v-md-2 gutters-col-v-2">
          <!---->
          <div class="h-column h-column-container d-flex h-col-lg-auto h-col-md-auto h-col-auto style-521-outer style-local-31-c7-outer">
            <div data-colibri-id="31-c7" class="d-flex h-flex-basis h-column__inner h-px-lg-2 h-px-md-2 h-px-2 v-inner-lg-2 v-inner-md-2 v-inner-2 style-521 style-local-31-c7 position-relative">
              <!---->
              <!---->
              <div class="w-100 h-y-container h-column__content h-column__v-align flex-basis-100 align-self-lg-start align-self-md-start align-self-start">
                <!---->
                <div data-colibri-id="31-c8" class="h-global-transition-all h-heading style-522 style-local-31-c8 position-relative h-element">
                  <!---->
                  <div class="h-heading__outer style-522 style-local-31-c8">
                    <!---->
                    <!---->
                    <h1 class="">Areas</h1>
                  </div>
                </div>
              </div>
            </div>
          </div>
        </div>
      </div>
      <div data-colibri-id="31-c9" class="h-row-container gutters-row-lg-2 gutters-row-md-2 gutters-row-0 gutters-row-v-lg-2 gutters-row-v-md-2 gutters-row-v-2 style-523 style-local-31-c9 position-relative">
        <!---->
        <div class="h-row justify-content-lg-center justify-content-md-center justify-content-center align-items-lg-stretch align-items-md-stretch align-items-stretch gutters-col-lg-2 gutters-col-md-2 gutters-col-0 gutters-col-v-lg-2 gutters-col-v-md-2 gutters-col-v-2">
          <!---->
          <div class="h-column h-column-container d-flex h-col-lg-auto h-col-md-auto h-col-auto style-524-outer style-local-31-c10-outer">
            <div data-colibri-id="31-c10" class="d-flex h-flex-basis h-column__inner h-px-lg-2 h-px-md-2 h-px-2 v-inner-lg-2 v-inner-md-2 v-inner-2 style-524 style-local-31-c10 position-relative">
              <!---->
              <!---->
              <div class="w-100 h-y-container h-column__content h-column__v-align flex-basis-100 align-self-lg-start align-self-md-start align-self-start">
                <!---->
                <div data-colibri-id="31-c11" class="h-text h-text-component style-525 style-local-31-c11 position-relative h-element">
                  <!---->
                  <!---->
                  <div class="">
                    <p><strong>Art and research</strong>
                      <br>The proposal is to link commissioned projects, exhibitions, public programmes, publications, scholarships and artist residencies. We consider the potential of contemporary art and its study as a possible field for promoting decolonial critique through the application of the concept of intersectionality. We are also interested in creating a series of national and international institutional partnerships to support the production and research of Black Cuír artists.&nbsp;</p>
                    <p>The aim is also to create spaces for the articulation between art and education to be aligned in order to generate more spaces for debate and discussion on the role of art in producing critical thinking that is consumed not only by artistic niches, but by other communities.&nbsp;</p>
                    <p><strong>Welcome and Ancestry<br></strong>Producing welcoming spaces based on recovering and maintaining black ancestry, so that we are interested in thinking about cuíeraspora and setting up spaces for socialising, caring for, creating and welcoming black stories and lives through cuírlombismo, as guided by writer and thinker Tatiana Nascimento.  Promote meetings between the black cuír community in Portugal in order to promote mutual sharing and healing.&nbsp;</p>
                    <p><strong>Consultancy and Teaching<br></strong>Promoting decolonial and anti-racist education from an intersectional perspective that includes the issue of diaspora and gender identity. Offering courses to the local community and artistic institutions in order to promote anti-racist and decolonial education; Drawing up proposals for institutional consultancy in order to promote structural changes in the ways in which cultural institutions and the arts are organised;&nbsp;</p>
                    <p><strong>Culture and Celebration<br></strong>Organise events for the local community in order to establish safe places for the celebration of black culture. To offer support in the production of events for artistic and cultural institutions in order to create safe spaces that welcome black cuir people. Promote aesthetic changes in art and cultural events in Portugal by producing courses and workshops for people and institutions.</p>
                    <p><strong>Lifestyle e Fashion Design</strong>
                      <br>Promoting the concept of "montação" as one of the foundations of black queer culture.</p>
                    <p>
                      <br>
                    </p>
                  </div>
                </div>
              </div>
            </div>
          </div>
        </div>
      </div>
    </div>
  </div>
</div>

<p>LINHas de atuação Arte e pesquisa A proposta é articular-se entre projetos comissionados, [&hellip;]</p>
