{"id":1452,"date":"2025-03-22T15:53:38","date_gmt":"2025-03-22T15:53:38","guid":{"rendered":"https:\/\/afrontosas.pt\/?page_id=1452"},"modified":"2025-03-24T12:20:37","modified_gmt":"2025-03-24T12:20:37","slug":"por-que-usamos-cuir","status":"publish","type":"page","link":"https:\/\/afrontosas.pt\/en\/por-que-usamos-cuir\/","title":{"rendered":"POR QUE USAMOS &#8220;CU\u00cdR&#8221;"},"content":{"rendered":"<div data-colibri-id=\"1452-c1\" class=\"style-526 style-local-1452-c1 position-relative\">\n  <!---->\n  <div data-colibri-component=\"section\" data-colibri-id=\"1452-c2\" id=\"initial-content\" class=\"h-section h-section-global-spacing d-flex align-items-lg-center align-items-md-center align-items-center style-527 style-local-1452-c2 position-relative\">\n    <!---->\n    <!---->\n    <div class=\"h-section-grid-container h-section-boxed-container\">\n      <!---->\n      <div data-colibri-id=\"1452-c6\" class=\"h-row-container gutters-row-lg-2 gutters-row-md-2 gutters-row-0 gutters-row-v-lg-2 gutters-row-v-md-2 gutters-row-v-2 style-531 style-local-1452-c6 position-relative\">\n        <!---->\n        <div class=\"h-row justify-content-lg-center justify-content-md-center justify-content-center align-items-lg-stretch align-items-md-stretch align-items-stretch gutters-col-lg-2 gutters-col-md-2 gutters-col-0 gutters-col-v-lg-2 gutters-col-v-md-2 gutters-col-v-2\">\n          <!---->\n          <div class=\"h-column h-column-container d-flex h-col-lg-auto h-col-md-auto h-col-auto style-532-outer style-local-1452-c7-outer\">\n            <div data-colibri-id=\"1452-c7\" class=\"d-flex h-flex-basis h-column__inner h-px-lg-2 h-px-md-2 h-px-2 v-inner-lg-2 v-inner-md-2 v-inner-2 style-532 style-local-1452-c7 position-relative\">\n              <!---->\n              <!---->\n              <div class=\"w-100 h-y-container h-column__content h-column__v-align flex-basis-100 align-self-lg-start align-self-md-start align-self-start\">\n                <!---->\n                <div data-colibri-id=\"1452-c8\" class=\"h-global-transition-all h-heading style-533 style-local-1452-c8 position-relative h-element\">\n                  <!---->\n                  <div class=\"h-heading__outer style-533 style-local-1452-c8\">\n                    <!---->\n                    <!---->\n                    <h1 class=\"\">POR QUE USAMOS \u201cCU\u00cdR\u201d<\/h1>\n                  <\/div>\n                <\/div>\n                <div data-colibri-id=\"1452-c9\" class=\"h-text h-text-component style-534 style-local-1452-c9 position-relative h-element\">\n                  <!---->\n                  <!---->\n                  <div class=\"\">\n                    <p>Na nossa pr\u00e1tica investigativa tem sido \u00fatil compreender p neologismo \u201ccu\u00edr\u201d e sua posterior conceitualiza\u00e7\u00e3o. O conceito ajuda-nos a estabelecer maior sentido para novas situa\u00e7\u00f5es que v\u00e3o surgindo \u00e0 medida que a sociedade vai se alterando.\n                      No nosso caso, novas categorias t\u00eam surtido um efeito positivo na consecu\u00e7\u00e3o dos nossos objetivos enquanto coletivo art\u00edstico.<\/p>\n                    <p>A sistematiza\u00e7\u00e3o do pensamento a partir do uso de ferramentas anal\u00edticas no campo da arte se caracteriza tamb\u00e9m pela busca de uma autonomia criativa em rela\u00e7\u00e3o \u00e0s est\u00e9ticas europeias de produ\u00e7\u00e3o. Nesse sentido, a investiga\u00e7\u00e3o passa\n                      a ser para n\u00f3s um dispositivo de decolonialidade, ou seja, um instrumento metodol\u00f3gico capaz de nos empoderar, n\u00e3o s\u00f3 simbolicamente, mas empiricamente na medida em que nos tornamos capazes de elaborar um pensamento novo que, se\n                      n\u00e3o se desvencilhar completamente da colonialidade ativa, ao menos se prop\u00f5e em se opor criticamente aos seus meandros.&nbsp;&nbsp;<\/p>\n                    <p>O ecofeminismo, o feminismo negro e a ecologia queer s\u00e3o conceitos que acompanham a&nbsp;nossa trajet\u00f3ria enquanto artistas investigadoras. Do mesmo modo, a filosofia africana e as pr\u00e1ticas art\u00edsticas afrocentrada complementam esse\n                      nosso percurso.&nbsp;<\/p>\n                    <p>O neologismo \u201ccu\u00edr\u201d \u00e9 um exemplo dessa nossa tentativa de autonomiza\u00e7\u00e3o das nossas pr\u00f3prias categorias.&nbsp;No Brasil, de onde a maior parte do Afrontosas vem, a palavra cu\u00edr tem sido usada como forma de estabelecer uma posi\u00e7\u00e3o no\n                      mundo sobre a resist\u00eancia decolonial de pessoas lgbtqia+. Uma forma de subverter a palavra \u201cqueer\u201d como algo indefinido, esse grande chap\u00e9u que serve para tudo, mas que no final continua sem significado. Pessoas estranhas? Pessoas\n                      de g\u00eanero diverso? E quando falamos de pessoas negras cu\u00edr? Cu\u00edr \u00e9 uma manifesta\u00e7\u00e3o de insurrei\u00e7\u00e3o contra as tentativas de aprisionamento de pessoas n\u00e3o-hegem\u00f4nicas dentro de certas categorias.&nbsp;<\/p>\n                    <p>Da\u00ed deriva o conceito de \u201ccu\u00edrlombismo\u201d, que se apresenta como estrat\u00e9gia comunit\u00e1ria. Seu objetivo \u00e9 construir territ\u00f3rios que d\u00ea sentido \u00e0s pr\u00e1ticas art\u00edsticas e \u00e0s leituras interseccionais da negritude. O cu\u00edrlombismo provid\u00eancia\n                      interfer\u00eancias nos di\u00e1logos com artivismo, resist\u00eancia e performance. Ele fomenta o trabalho coletivo por uma luta antirracista face \u00e0 invisibilidade de nossos corpos e a falta de representa\u00e7\u00e3o nos espa\u00e7os tradicionais da arte, da\n                      cultura, da academia, da pol\u00edtica e da esfera civil.<\/p>\n                    <p>Nos nossos projetos, utilizamos o neologismo \u201ccu\u00edr\u201d como ponto de partida para o contrastar categorias pr\u00e9-estabelecidas dentro do campo sem\u00e2ntico da palavra \u201cqueer\u201d<\/p>\n                    <p>Invocamos o \u201ccu\u00edr\u201d como exerc\u00edcio pr\u00e1tico e te\u00f3rico de questionamento da limita\u00e7\u00e3o que as categorias sobre a natureza, a sexualidade, a ra\u00e7a e o g\u00eanero estabelecem na auto-determina\u00e7\u00e3o de identidades n\u00e3o conformadas.<\/p>\n                    <p>Utilizamos o \u201ccu\u00edr\u201d como forma de estabelecer uma outra posi\u00e7\u00e3o no mundo sobre a resist\u00eancia decolonial de pessoas negras lgbtqia+. Cu\u00edr \u00e9 uma manifesta\u00e7\u00e3o de insurrei\u00e7\u00e3o contra as tentativas de aprisionamento de pessoas n\u00e3o-hegem\u00f4nicas.\n                      Cu\u00edr \u00e9 do Brasil. \u00c9 mitologia afro-brasileira. Abriga uma posi\u00e7\u00e3o de contraste com o normativo. Fora de um contexto eurocentrado (branco-bin\u00e1rio), o cu\u00edr traduz uma conceitua\u00e7\u00e3o negro-fundamentada que se alimenta de uma di\u00e1spora\n                      dissidente-sexual.<\/p>\n                    <p>\n                      <br>\n                    <\/p>\n                  <\/div>\n                <\/div>\n              <\/div>\n            <\/div>\n          <\/div>\n        <\/div>\n      <\/div>\n    <\/div>\n  <\/div>\n<\/div>","protected":false},"excerpt":{"rendered":"<p>POR QUE USAMOS \u201cCU\u00cdR\u201d Na nossa pr\u00e1tica investigativa tem sido \u00fatil compreender p [&hellip;]<\/p>\n","protected":false},"author":1,"featured_media":0,"parent":0,"menu_order":0,"comment_status":"closed","ping_status":"closed","template":"page-templates\/full-width-page.php","meta":{"footnotes":"","_links_to":"","_links_to_target":""},"class_list":["post-1452","page","type-page","status-publish","hentry"],"_links":{"self":[{"href":"https:\/\/afrontosas.pt\/en\/wp-json\/wp\/v2\/pages\/1452","targetHints":{"allow":["GET"]}}],"collection":[{"href":"https:\/\/afrontosas.pt\/en\/wp-json\/wp\/v2\/pages"}],"about":[{"href":"https:\/\/afrontosas.pt\/en\/wp-json\/wp\/v2\/types\/page"}],"author":[{"embeddable":true,"href":"https:\/\/afrontosas.pt\/en\/wp-json\/wp\/v2\/users\/1"}],"replies":[{"embeddable":true,"href":"https:\/\/afrontosas.pt\/en\/wp-json\/wp\/v2\/comments?post=1452"}],"version-history":[{"count":3,"href":"https:\/\/afrontosas.pt\/en\/wp-json\/wp\/v2\/pages\/1452\/revisions"}],"predecessor-version":[{"id":1837,"href":"https:\/\/afrontosas.pt\/en\/wp-json\/wp\/v2\/pages\/1452\/revisions\/1837"}],"wp:attachment":[{"href":"https:\/\/afrontosas.pt\/en\/wp-json\/wp\/v2\/media?parent=1452"}],"curies":[{"name":"wp","href":"https:\/\/api.w.org\/{rel}","templated":true}]}}

POR QUE USAMOS &#8220;CUÍR&#8221;

<div data-colibri-id="1452-c1" class="style-526 style-local-1452-c1 position-relative">
  <!---->
  <div data-colibri-component="section" data-colibri-id="1452-c2" id="initial-content" class="h-section h-section-global-spacing d-flex align-items-lg-center align-items-md-center align-items-center style-527 style-local-1452-c2 position-relative">
    <!---->
    <!---->
    <div class="h-section-grid-container h-section-boxed-container">
      <!---->
      <div data-colibri-id="1452-c6" class="h-row-container gutters-row-lg-2 gutters-row-md-2 gutters-row-0 gutters-row-v-lg-2 gutters-row-v-md-2 gutters-row-v-2 style-531 style-local-1452-c6 position-relative">
        <!---->
        <div class="h-row justify-content-lg-center justify-content-md-center justify-content-center align-items-lg-stretch align-items-md-stretch align-items-stretch gutters-col-lg-2 gutters-col-md-2 gutters-col-0 gutters-col-v-lg-2 gutters-col-v-md-2 gutters-col-v-2">
          <!---->
          <div class="h-column h-column-container d-flex h-col-lg-auto h-col-md-auto h-col-auto style-532-outer style-local-1452-c7-outer">
            <div data-colibri-id="1452-c7" class="d-flex h-flex-basis h-column__inner h-px-lg-2 h-px-md-2 h-px-2 v-inner-lg-2 v-inner-md-2 v-inner-2 style-532 style-local-1452-c7 position-relative">
              <!---->
              <!---->
              <div class="w-100 h-y-container h-column__content h-column__v-align flex-basis-100 align-self-lg-start align-self-md-start align-self-start">
                <!---->
                <div data-colibri-id="1452-c8" class="h-global-transition-all h-heading style-533 style-local-1452-c8 position-relative h-element">
                  <!---->
                  <div class="h-heading__outer style-533 style-local-1452-c8">
                    <!---->
                    <!---->
                    <h1 class="">POR QUE USAMOS “CUÍR”</h1>
                  </div>
                </div>
                <div data-colibri-id="1452-c9" class="h-text h-text-component style-534 style-local-1452-c9 position-relative h-element">
                  <!---->
                  <!---->
                  <div class="">
                    <p>Na nossa prática investigativa tem sido útil compreender p neologismo “cuír” e sua posterior conceitualização. O conceito ajuda-nos a estabelecer maior sentido para novas situações que vão surgindo à medida que a sociedade vai se alterando.
                      No nosso caso, novas categorias têm surtido um efeito positivo na consecução dos nossos objetivos enquanto coletivo artístico.</p>
                    <p>A sistematização do pensamento a partir do uso de ferramentas analíticas no campo da arte se caracteriza também pela busca de uma autonomia criativa em relação às estéticas europeias de produção. Nesse sentido, a investigação passa
                      a ser para nós um dispositivo de decolonialidade, ou seja, um instrumento metodológico capaz de nos empoderar, não só simbolicamente, mas empiricamente na medida em que nos tornamos capazes de elaborar um pensamento novo que, se
                      não se desvencilhar completamente da colonialidade ativa, ao menos se propõe em se opor criticamente aos seus meandros.&nbsp;&nbsp;</p>
                    <p>O ecofeminismo, o feminismo negro e a ecologia queer são conceitos que acompanham a&nbsp;nossa trajetória enquanto artistas investigadoras. Do mesmo modo, a filosofia africana e as práticas artísticas afrocentrada complementam esse
                      nosso percurso.&nbsp;</p>
                    <p>O neologismo “cuír” é um exemplo dessa nossa tentativa de autonomização das nossas próprias categorias.&nbsp;No Brasil, de onde a maior parte do Afrontosas vem, a palavra cuír tem sido usada como forma de estabelecer uma posição no
                      mundo sobre a resistência decolonial de pessoas lgbtqia+. Uma forma de subverter a palavra “queer” como algo indefinido, esse grande chapéu que serve para tudo, mas que no final continua sem significado. Pessoas estranhas? Pessoas
                      de gênero diverso? E quando falamos de pessoas negras cuír? Cuír é uma manifestação de insurreição contra as tentativas de aprisionamento de pessoas não-hegemônicas dentro de certas categorias.&nbsp;</p>
                    <p>Daí deriva o conceito de “cuírlombismo”, que se apresenta como estratégia comunitária. Seu objetivo é construir territórios que dê sentido às práticas artísticas e às leituras interseccionais da negritude. O cuírlombismo providência
                      interferências nos diálogos com artivismo, resistência e performance. Ele fomenta o trabalho coletivo por uma luta antirracista face à invisibilidade de nossos corpos e a falta de representação nos espaços tradicionais da arte, da
                      cultura, da academia, da política e da esfera civil.</p>
                    <p>Nos nossos projetos, utilizamos o neologismo “cuír” como ponto de partida para o contrastar categorias pré-estabelecidas dentro do campo semântico da palavra “queer”</p>
                    <p>Invocamos o “cuír” como exercício prático e teórico de questionamento da limitação que as categorias sobre a natureza, a sexualidade, a raça e o gênero estabelecem na auto-determinação de identidades não conformadas.</p>
                    <p>Utilizamos o “cuír” como forma de estabelecer uma outra posição no mundo sobre a resistência decolonial de pessoas negras lgbtqia+. Cuír é uma manifestação de insurreição contra as tentativas de aprisionamento de pessoas não-hegemônicas.
                      Cuír é do Brasil. É mitologia afro-brasileira. Abriga uma posição de contraste com o normativo. Fora de um contexto eurocentrado (branco-binário), o cuír traduz uma conceituação negro-fundamentada que se alimenta de uma diáspora
                      dissidente-sexual.</p>
                    <p>
                      <br>
                    </p>
                  </div>
                </div>
              </div>
            </div>
          </div>
        </div>
      </div>
    </div>
  </div>
</div>

<p>POR QUE USAMOS “CUÍR” Na nossa prática investigativa tem sido útil compreender p [&hellip;]</p>
